tor of h and p.
19
Let x(t) = -2*t + 0 + 5*t**2 + 1 - 3. Let d be x(-6). Let h be 738/20 - 18370/(-16700). Calculate the greatest common divisor of d and h.
38
Let j(p) be the first derivative of -p**4/4 + 26*p**3/3 - 31*p**2/2 - 6*p + 36. Let z be j(23). Calculate the greatest common divisor of z and 28.
28
Suppose 5*l = -u + 16, -1 = u - 4*l + 10. Let s(o) = 11*o**3 + o - 2. Let d be s(u). Let j = -666 - -681. What is the highest common divisor of j and d?
5
Let x(a) be the third derivative of a**5/12 + 2*a**4/3 + 28*a**3/3 + 11*a**2 - 4. Let g be x(-6). Calculate the highest common divisor of g and 20.
20
Suppose h = -2*a + 78 + 61, a = 7*h + 47. Suppose -6*w + 2*w = -1496. What is the highest common divisor of a and w?
34
Suppose 5*i + 102 = 5*r - 48, 10 = -2*r + 16*i. Calculate the highest common factor of 27930 and r.
35
Let z = 58 + 362. Suppose l - z = -4*l. What is the highest common factor of l and 21?
21
Let x = 5457 + -4080. Calculate the greatest common divisor of x and 45.
9
Let r be 3255/7 + 1 - (5 + 12/(-1)). What is the highest common divisor of r and 1032?
43
Let s(l) = 2*l**2 - 37*l + 245. Let y be s(19). Suppose 21*x - y = 15*x. Calculate the greatest common divisor of x and 198.
22
Let p(g) = 44*g**3 + g. Let j be p(1). Let c(r) = -1219*r + 26938. Let o be c(22). Calculate the highest common divisor of o and j.
15
Let j be ((-606)/1515)/(2/(-6985)). What is the highest common factor of 2413 and j?
127
Suppose -4*l = -w + 28, -2*l = -2*w + 4*w - 36. Let x be (-1316)/(-70)*w/8. What is the greatest common divisor of 423 and x?
47
Suppose 4*h = 3*f + 7177, 2*h - 2*f - 1232 = 2358. Calculate the greatest common divisor of h and 140.
28
Suppose -4*l = 2*w - 6466, 27*l - 22*l + 4*w - 8084 = 0. Calculate the greatest common factor of 505 and l.
101
Suppose -m + 5 - 131 = -r, 0 = -5*m - 15. What is the highest common divisor of r and 2132?
41
Suppose 9 = c + 4*h - 8, 2*c + 3*h = 39. Let i = 518 + -1213. Let s be ((-15)/4)/(i/(-140) + -5). Calculate the greatest common factor of c and s.
21
Suppose 2*h + z = 187, 33 - 498 = -5*h - 3*z. What is the greatest common factor of h and 252?
12
Suppose -o + 180 = 3*o. Let k = -156 + 161. Suppose k*x - 3*s = 175 + 119, 0 = -x - s + 62. Calculate the highest common factor of o and x.
15
Let n = -1596 + 2476. Let d = 135821 + -135741. What is the greatest common factor of d and n?
80
Suppose 1134*c = 1178*c - 7260. Let a = -12 - -122. What is the greatest common factor of c and a?
55
Let m be 1088/(-42) - (-8)/(-84). Let n be 2/((-13)/m*1/4). What is the highest common divisor of n and 40?
8
Suppose 3*t - 2*t + 5*x - 83 = 0, -2*t + 110 = -4*x. Let c = t + -78. Let g be (-3786)/c - 4/10. Calculate the highest common factor of g and 28.
28
Suppose -j - 2*j = -4*j + 55. What is the greatest common divisor of j and 231?
11
Let i be 4027 + (6 - (-24)/(-4) - -1). Calculate the highest common factor of i and 212.
212
Let q be (-6)/24*-28 + 5. Let s(h) = -h**3 + 5*h**2 + 7*h - 4. Let x be s(6). Calculate the highest common factor of x and q.
2
Suppose v - 6*v - 4*s - 538 = 0, 3*s = 9. Let p be ((-473)/v - 1/(-2))*5. What is the greatest common divisor of 168 and p?
24
Let r(s) = 22*s - 61. Let i(h) = -h + 18. Let o be i(8). Let l be r(o). Calculate the greatest common factor of l and 212.
53
Let j = -2893 + 2976. What is the greatest common divisor of 3154 and j?
83
Let w = -62 + 97. Suppose 14*d - 80 = -21*d + 19*d. Calculate the highest common divisor of d and w.
5
Let f = -881 - -965. Let p = 443 - 233. What is the highest common divisor of p and f?
42
Let b(h) = -h**2 + 17*h - 24. Let u be b(8). Let o be (6 + 26/(-5))/(2/480). Calculate the greatest common factor of u and o.
48
Let f = -389 + 126. Let s = -241 - f. Calculate the highest common factor of s and 132.
22
Suppose -4108 = -4*b - 5*u + 5770, 9898 = 4*b - 5*u. Calculate the greatest common divisor of b and 24.
24
Let o(t) = 16 + 15*t**2 + t + 12*t**2 - t**3 - 35. Let s be o(27). Let i = 15 - s. Calculate the highest common divisor of i and 7.
7
Let y be -3*48*(-14)/(392/14). What is the greatest common factor of 513 and y?
9
Let w = 252 + 69. Suppose 20*q - w = 379. What is the highest common factor of q and 40?
5
Let w(z) = z**2 - 22*z - 7. Let y be w(23). Let i be (26/(-10))/(y/(-480)). Calculate the highest common factor of 1092 and i.
78
Let a = -191 + 437. What is the highest common divisor of a and 90?
6
Suppose 0 = 280*m - 133*m - 8085. What is the highest common factor of m and 80?
5
Suppose -5*s + i + 19206 = 0, 25*i - 21*i = -3*s + 11496. Calculate the highest common factor of 60 and s.
60
Suppose 33*a - 330 = 10*a + 12*a. Calculate the highest common divisor of a and 830.
10
Suppose -224*w - 36 = -225*w. Suppose -f - 151 = -3*q, -33*q + w*q + f = 161. Calculate the highest common divisor of q and 91.
13
Let y be ((-2)/(-8))/(((-69)/1610)/(48/(-56))). Let x = -210 + 150. Let r = x - -85. What is the greatest common factor of r and y?
5
Suppose 2*o - 40 = -6*o. Suppose -11*r = -o*r - 96. Let i(s) = 5*s - 36. Let d be i(8). What is the greatest common factor of r and d?
4
Let s(k) = -79*k**3 + 64*k**2 + 547*k - 4. Let i be s(-7). Calculate the greatest common divisor of 88 and i.
88
Let k(a) = -a**3 - 6*a**2 - 83*a - 494. Let o be k(-6). What is the greatest common factor of 181 and o?
1
Suppose -4 = 3*c + 5. Let i = 29 - c. Suppose 28*f = i*f - 136. What is the highest common divisor of 85 and f?
17
Suppose 0 = 8*m - 129 - 63. Let o(b) = -b**2 + 14*b + 36. Let h be o(16). Let x be 3 - (h + -34 + -3). Calculate the greatest common divisor of x and m.
12
Suppose k + 2*b = 125, 50 = -2*k + 2*b + 306. Let x = k + -105. What is the highest common divisor of 33 and x?
11
Suppose 0 = 5*a + 2*q - 168, -2*a - 5*q + 765 = 723. Calculate the greatest common divisor of 6012 and a.
36
Let b = -3875 + 4293. What is the highest common factor of 133 and b?
19
Let l(b) = -b**3 + 6*b**2 - 4*b + 3. Let f be l(5). Suppose 6*d = f*d - 10. Suppose -a = -23 - d. What is the greatest common divisor of a and 42?
14
Suppose t - 5*n = 19, -4*t + 10*n - 12*n + 142 = 0. What is the highest common divisor of 1819 and t?
17
Let r be ((-8)/(-36))/((-3870)/1296 - -3). Calculate the highest common divisor of 16784 and r.
16
Let n(y) = -12*y**2 + 96*y + 5. Let j be n(8). Let k be (-252)/(-20) + (-3)/j. What is the greatest common divisor of 30 and k?
6
Let n be ((-20)/6)/(45/(-54)). Suppose -5*s = 4*w - 312, -n*w + 14 + 338 = -5*s. What is the highest common divisor of 1 and w?
1
Let d = 11 + -16. Let g be (-3)/(1*-15) + (-269)/d. Let s = g - 25. Calculate the greatest common divisor of s and 87.
29
Let k = 27 - -11. Let r = 562 + -49. What is the greatest common divisor of k and r?
19
Suppose 4*r = -2*x + 34, -4*r - 13 = -4*x + 7. Suppose z = -36*i + 41*i - 2, 3*z - i - 8 = 0. What is the highest common divisor of x and z?
3
Suppose -3*r = -3*n - 1 - 5, 5*n + 2 = 3*r. Suppose -2*c + 24 = -r*w, -3*c + 12 + 16 = 2*w. What is the greatest common divisor of c and 4?
2
Suppose 2*l - m + 3*m = 112, -4*l + 170 = -5*m. Calculate the highest common divisor of l and 1600.
50
Suppose 1043 = 82*p - 23. Suppose 2*z - 637 = -4*n + 1279, 4*n - 1932 = 2*z. Calculate the greatest common factor of p and n.
13
Let j be ((-8795)/(-5) - -4) + -14 + 21. What is the greatest common divisor of 20 and j?
10
Let b = -126 - -118. Let x be 2/4*(-7 - -6)*b. Let p be (9 + -2)*x/4. What is the greatest common divisor of 119 and p?
7
Suppose -2*k - 1866 - 826 = -8*s, 3*k + 1672 = 5*s. Calculate the highest common factor of 7943 and s.
169
Let x(z) = z**2 - 49*z + 10. Let m be x(49). Let h(b) = -b**3 + 8*b**2 - b - 7. Let i be h(7). Calculate the greatest common divisor of m and i.
5
Let w be ((-6)/(-4))/(6/8). Suppose -3*f = w*f - 105. Suppose 13*y - 3148 + 6507 + 9430 = 100*y. Calculate the highest common factor of y and f.
21
Let a(m) = 69*m**2 - m + 1. Let b be a(2). Let j be (-3)/(-1 - 0) + 33 + -330. Let t = j + 319. What is the highest common divisor of b and t?
25
Let p be -313 + (-1 - (0 + -4)). Let w = 451 + p. Let r = w + 24. Calculate the highest common divisor of 33 and r.
33
Suppose -441 = 11*h - 144. Let i be (-3)/h + 8256/54. What is the greatest common factor of i and 17?
